h(f).
-10
Suppose 4 = g - 0, 2*g = -v + 6. Let h(t) be the second derivative of 5*t**3/6 + t**2 - 6*t. Determine h(v).
-8
Let j(o) = 4 + 0 - o**3 - 8 - 5*o**2 + 2 + 4*o**2. Let m(v) = -37*v**3 - 6*v**2 - 9. Let x(g) = 5*j(g) - m(g). Calculate x(1).
32
Let a(t) be the third derivative of t**4/4 - 27*t**2. Suppose -o = -5*u + 11, 3*o - 9 = 4*u - 3*u. Suppose 0 = -z - j + 4*j - o, -4*j = -5*z - 9. Give a(z).
-6
Let d(s) = 43777053 - 43777065 + 6*s + 3*s. What is d(-3)?
-39
Let r(c) be the third derivative of -1/6*c**3 - c**2 - 4/15*c**5 + 0*c + 1/24*c**4 + 0. Suppose 10*y = -2*n + 22, 0 = -y + 48*n - 46*n - 11. Determine r(y).
-16
Let u = 248 - 240. Suppose -5*g + 0*g = -15. Let w(t) = -u + 17 - 12 + t**3 - g*t - 2*t**2 + t**2. Calculate w(3).
6
Let t be (20 + -21)*(2 + -3). Let z(y) = 0*y + t + y - 7 - 6. Calculate z(11).
-1
Let m(s) = 5*s + 10*s**3 - 3*s**3 + 3 - 4*s**3 - 2*s**3 - 5*s**2. Let p(q) = q**2 + 8*q - 16. Let t be p(-10). Calculate m(t).
7
Let h(o) = -14 - 9 - 7*o + 7 + 2*o + 4*o + o**2. Let z(t) = t**2 + 7*t + 7. Let b be z(-5). Let r = -3 - b. Calculate h(r).
-16
Let l(t) = -49*t**3 - 2*t**2 + 2*t + 3. Let i be l(-1). Suppose -5*c + 83 = i. Let p(d) = 2*d**2 - 7*d. What is p(c)?
49
Let b(a) = -11 - 17*a + 301 - 94 + 28. What is b(13)?
3
Let p(s) = 2*s. Let l(j) = -j - 1. Let g(v) = -l(v) + 6*p(v). Suppose 125*f - 116*f = -9. Give g(f).
-12
Suppose -431*l + 490*l = -1180. Let a(g) = 2*g + 34. Give a(l).
-6
Let t(n) = -2*n**2 + n - 1. Let p(s) = 11*s**2 - 7*s + 16. Let j = -48 + 49. Let l(x) = j*p(x) + 6*t(x). Determine l(-8).
-46
Let y(n) = -n**2 - 2. Let k(s) = 8*s**2 - 35*s + 51. Let w(m) = -k(m) - 6*y(m). Let q be w(16). Let x(f) = f**2 - 7*f - 11. Calculate x(q).
7
Let p(s) be the second derivative of 0 + 53*s + 0*s**3 - 1/2*s**2 - 1/4*s**5 + 0*s**4. What is p(-1)?
4
Let a(c) = -3*c + 1. Suppose 3*k + 0*l - 14 = -5*l, 2*l - 14 = -4*k. Suppose -k*m - 14 = v + m, 5*v - 22 = 3*m. Determine a(v).
-5
Let m(v) = -16*v - 4. Let g(l) = 24*l + 6. Let b(a) = 5*g(a) + 8*m(a). Let y(d) = d**3 - 8*d**2 + 13*d + 4. Let f be y(6). Let h = f + -8. Determine b(h).
-18
Let x(m) = m**3 - 9*m**2 + 11*m - 10. Let h = -574 - -806. Let q be (-5)/4 - (-2146)/h. Give x(q).
14
Let o(r) = 2*r**3 + 19*r**2 - 3*r - 1. Let h(z) = -z**3 - 10*z**2 + 2*z. Let t(q) = 5*h(q) + 3*o(q). Let c = -561070 + 561063. What is t(c)?
-10
Suppose 432 = -18*m + 198. Let s(i) = -i**2 - 10*i + 18. Calculate s(m).
-21
Let a(n) = -7*n**3 - 2*n**2 - n + 5. Let y(t) = t**3 - t**2 - t. Let k(p) = -a(p) - 6*y(p). Suppose 0 = 5*i + 29 + 6. Calculate k(i).
-5
Suppose 9 - 25 = 4*l + 4*h, -4*h = -8. Let f(x) = -4*x - 21. Let v be f(l). Suppose 5 = 2*w + v*w. Let d(i) = 4*i**2 - i + 1. Give d(w).
4
Suppose 37 + 3 = 5*h. Let v(t) = 8 + h - 4 + 3*t. Calculate v(-8).
-12
Suppose 4*a - 6*a - 4 = 0. Let f(q) = 1087*q - 5 + 1089*q + 1088*q - 3269*q. What is f(a)?
5
Let u(i) be the first derivative of -i**4/4 - 4*i**3/3 + 11*i**2/2 + 2*i + 2289. Determine u(-5).
-28
Suppose -2*m - 6 = -3*p, -2*m + 7*m + 2*p = 4. Suppose i - 6*i + 445 = m. Let t(k) = -i*k**2 - 4 - 2 - 6*k + 88*k**2. Calculate t(-5).
-1
Let d = 182 + -180. Suppose -3*h - y + 16 = -3*y, -3*h - 5*y + d = 0. Let j(l) = -2*l**2 + 7*l - 6. Give j(h).
-10
Let o be 4/(3*12/72). Let u(g) = 6*g - 42. Calculate u(o).
6
Suppose 5 + 4 = 3*x. Let q(t) = 8*t + 11. Let h(s) = 5*s + 6. Suppose r = -r + 10. Let u(w) = r*h(w) - 3*q(w). What is u(x)?
0
Let k(a) = -25 - 4*a**2 + a**3 + 13*a + 135 - 70 - 38 - 62. Calculate k(5).
30
Let m(y) = 15*y - 37*y + 18*y + 10*y - 16. Let w be m(3). Suppose 2*v - 1 = -3*i, i - 3 + w = -v. Let b(h) = -4*h. Give b(i).
4
Let t(x) = x**2 + 5*x - 2. Let w = -23 - -28. Suppose -3*q = 4*k + 116, 34 = -w*q + k - 121. Let s = q + 26. What is t(s)?
4
Suppose 13*r - 58 = 12*r. Let y(b) = 0*b - 4*b + 9*b**2 + r + 3*b - 59. Calculate y(-1).
9
Let w(c) be the third derivative of 0 + 0*c - 1/6*c**4 + 1/120*c**6 - 26*c**2 + 1/2*c**3 + 1/60*c**5. Calculate w(2).
7
Let j(s) = 5*s**3 - 3*s**2 + s + 2. Suppose -3*c + 5*l = -27, -2*l = -c - 0*c + 8. Let k(g) = g**3 - 10*g**2 - 55*g - 12. Let t be k(c). Give j(t).
32
Suppose -k - 5*m = -3*k + 14, k - 16 = -2*m. Let j be 3/(k/(-2))*-2. Let u(z) = -11*z**3. Give u(j).
-11
Let w(r) be the first derivative of -9/2*r**2 - 184 + 0*r. Give w(-1).
9
Let f(m) = -m**2 + 8*m + 1. Let u(r) = -r**3 - 5*r**2 - r + 19. Suppose 33*q - 18*q + 60 = 0. Let k be u(q). Calculate f(k).
8
Let v(j) = -7*j**2 - 17*j - 49. Let g(u) = -u**2 - u - 10. Let d(q) = 6*g(q) - v(q). What is d(-13)?
15
Let x(d) = 22*d + d**3 - 2 + 11*d - 1 - 3*d**2 - 32*d. Suppose -k + 2*y + 2 = 0, -20 = -4*k + 4*y - 0*y. Suppose -16 = 4*z - k*z. What is x(z)?
17
Let r(k) be the second derivative of k**7/1260 + k**6/240 - k**5/40 + k**4/12 - k**2/2 - 10*k - 4. Let y(p) be the third derivative of r(p). What is y(2)?
11
Let u(l) = 3*l + 22. Suppose 61*x = 57*x + 64. Suppose x*q - 31 + 207 = 0. What is u(q)?
-11
Suppose -6*r - 38 = -8*r. Let x = r - 16. Let w(i) = -1 - 34*i - x + 32*i. Determine w(-6).
8
Let a be 18*7/42*(-8)/6. Let q(o) = -o**3 - o**2 + 8*o - 12. Let i(m) = -m**3 + 9*m - 13. Let l(y) = a*i(y) + 5*q(y). Give l(-6).
4
Let f be 1 + -1 - (-29 + 28)*-4. Let t(l) = -l**3 - 4*l**2 + 3*l - 11. What is t(f)?
-23
Suppose -3*r - 3*i = 9, 4*i = -2 - 2. Let p(n) = 1295*n - 1292*n + 0*n**2 + 4*n**2. Determine p(r).
10
Let s(g) = -g**3 + 15*g**2 - 15*g + 6. Let h be 15/(-9) + (-2636)/(-12). Let f = 232 - h. Give s(f).
-8
Let n(r) = -43*r + 12. Let q(t) = -6*t + 3. Let b(k) = -n(k) + 7*q(k). Determine b(-5).
4
Let h(o) = o**3 - 36*o**2 - 39*o + 46. Let q be (220/(-30) - 5)*(-33)/11. What is h(q)?
-28
Let k(p) = -p**3 + 7*p**2 - 6*p + 2. Let d(h) be the second derivative of h**5/20 + 5*h**4/12 - h**3 + 2*h**2 + 286*h. Let u be d(-6). Give k(u).
26
Let f = 328 - 325. Let w(i) = -10*i**2 + 2*i**f - i + 27*i**2 - 18*i**2 + 1. Calculate w(1).
1
Let l(c) = -c**3 + 10*c**2 - 10*c - 1. Let i = -9 - -26. Let j(o) = o**2 - 13*o - 59. Let f be j(i). Let k be l(f). Let v(w) = -w**2 - 11*w - 3. Determine v(k).
7
Let h(x) be the third derivative of -x**6/120 + 31*x**5/60 - 31*x**4/24 + 4*x**3 + 367*x**2. Calculate h(30).
-6
Let g(d) = -13*d**3 - 2*d**2 + 12*d - 22. Let r(w) = -7*w**3 - w**2 + w + 4. Let p(j) = g(j) - 2*r(j). Determine p(0).
-30
Suppose 0 = 3*f - 2*d - 15, f = 4*d - 2*d + 5. Let x(s) = 12*s - 7*s + 3 - f + 3. Determine x(3).
16
Suppose -43 + 47 = -2*b. Let z be (2 + -3)*(b - 4). Suppose -z*t - 84 = 6*t. Let g(v) = -v**3 - 8*v**2 - 5*v + 1. What is g(t)?
-13
Let a(z) = 3*z - 8. Suppose -4*h = 8, -33 = -5*f + 2*h + 1. Suppose 113*n - 109*n = 0. Let y = f + n. Give a(y).
10
Let o(v) = 2*v**2 + 4*v - 1. Suppose -15*n + 116 - 44 - 27 = 0. What is o(n)?
29
Suppose 12*w + 6*w + 2160 = 0. Let a = w - -124. Let n(h) = -h**2 + 8*h + 4. Calculate n(a).
20
Suppose -5*m + 25 = n + 4*n, -4*n = -3*m + 1. Let y(l) = 2*l + 11*l + l**n - 7*l - 14 + 6. Give y(-7).
-1
Let w(x) = 2*x**3 - 12*x**2 + 5*x + 2 + 2*x + 1 - 5 - 1. Give w(5).
-18
Let t(i) = -i**2 + 53*i - 640. Let r be t(34). Let h(m) = -m**2 - 3*m + 9. Determine h(r).
-45
Let i(c) = -c + 16. Let r be (10/(-15) - (-1)/6)*4. Let f be -10*(r - (-1)/5). Let k be i(f). Let h(w) = -5*w**3 - 2*w**2 + 3*w + 3. Determine h(k).
29
Suppose -2273*i + 2266*i = 42. Let u(l) = -l. Let f(t) = -8*t - 13. Let a(k) = f(k) - 5*u(k). Determine a(i).
5
Let h = -817 - -222. Let s = -603 - h. Let w(b) be the first derivative of -b**2 - 10*b + 1. Calculate w(s).
6
Let v(o) = o**3 - 4*o**2 - 4*o. Let s(c) = 5*c**2 - 2*c - 2. Let p = 23 + -24. Let z be s(p). What is v(z)?
5
Suppose 0 = 4*v - 4*w + 764, -6*v + 4*w = -v + 956. Let u = -192 - v. Let b(c) = -c - 25. Give b(u).
-25
Let u(k) = k**2 + 11*k + 29. Let a be u(-8). Let f(b) = -7 - 9*b**2 + 2*b**2 - a*b + 6*b**2 + 0*b**2. Give f(-6).
-13
Suppose 0 = 3*n - c - 43, -3*n - c + 43 = 2. Let u(d) = -d + 7. Determine u(n).
-7
Suppose -11*a = 4*a - 90. Let f(y) = -y**2 + 7*y + 2. Let n be f(7). Let k(q) = -n - q - 3 + a. Determine k(1).
0
Let h(x) = -38*x - 95. Let r(c) = 17*c + 43. Let j(b) = -4*h(b) - 9*r(b). Let t = -4 - 2. What is j(t)?
-1
Let t(v) be the second derivative of -v**3/2 + 3967*v. Suppose -2 = -2*o - 4. Give t(o).
3
Let y(w) = -6*w. Let p(o) = o. Let